{"id":2035,"date":"2020-03-09T22:51:16","date_gmt":"2020-03-09T22:51:16","guid":{"rendered":"https:\/\/shop.mohl-fliesen.de\/?post_type=product&#038;p=2035"},"modified":"2024-03-28T08:32:47","modified_gmt":"2024-03-28T07:32:47","slug":"alles-gruenbelagsentferner","status":"publish","type":"product","link":"https:\/\/shop.mohl-fliesen.de\/index.php\/product\/alles-gruenbelagsentferner\/","title":{"rendered":"Allex Gr\u00fcnbelagsentferner"},"content":{"rendered":"<figure id=\"attachment_2037\" aria-describedby=\"caption-attachment-2037\" style=\"width: 300px\" class=\"wp-caption alignnone\"><img data-recalc-dims=\"1\" loading=\"lazy\" decoding=\"async\" class=\"size-medium wp-image-2037\" src=\"https:\/\/i0.wp.com\/shop.mohl-fliesen.de\/wp-content\/uploads\/2020\/03\/7824294B-9F69-4E48-ABCF-2EAAC6EBAC93.jpeg?resize=300%2C188&#038;ssl=1\" alt=\"\" width=\"300\" height=\"188\" \/><figcaption id=\"caption-attachment-2037\" class=\"wp-caption-text\">1 l Geb Allex<\/figcaption><\/figure>\n<p>Der Gr\u00fcnbelagsentferner schlecht hin.<\/p>\n<p>Entfernt \u00fcbliche Schmutzbel\u00e4ge und von Pflanzen verursachte Verunreinigungen. F\u00fcr Terrassen, Treppen, Wege, Mauern aus Natur- und Betonstein, Klinker, wie auch f\u00fcr Putz, Holz u.a<\/p>\n<p><em>Biozidprodukte vorsichtig verwenden. Vor Gebrauch stets Etikett und Produkinformation lesen.<\/em><\/p>\n<h4>Produkttyp: mildalkalischer Spezialreiniger<\/h4>\n<ul>\n<li>Konzentrat &#8211; 1L f\u00fcr bis zu 200m\u00b2<\/li>\n<li>wirkt vorbeugend<\/li>\n<li>einfach anzuwenden<\/li>\n<\/ul>\n","protected":false},"excerpt":{"rendered":"<p>Der Gr\u00fcnbelagsentferner schlecht hin. Entfernt \u00fcbliche Schmutzbel\u00e4ge und von Pflanzen verursachte Verunreinigungen. F\u00fcr Terrassen, Treppen, Wege, Mauern aus Natur- und Betonstein, Klinker, wie auch f\u00fcr Putz, Holz u.a Biozidprodukte vorsichtig verwenden. Vor Gebrauch stets Etikett und Produkinformation lesen. Produkttyp: mildalkalischer Spezialreiniger Konzentrat &#8211; 1L f\u00fcr bis zu 200m\u00b2 wirkt vorbeugend einfach anzuwenden<\/p>\n","protected":false},"featured_media":2037,"comment_status":"open","ping_status":"closed","template":"","meta":[],"product_brand":[],"product_cat":[15,45],"product_tag":[],"class_list":{"0":"post-2035","1":"product","2":"type-product","3":"status-publish","4":"has-post-thumbnail","6":"product_cat-keramik","7":"product_cat-naturstein","8":"product_shipping_class-standard","10":"first","11":"instock","12":"taxable","13":"shipping-taxable","14":"purchasable","15":"product-type-simple"},"yoast_head":"<!-- This site is optimized with the Yoast SEO plugin v27.4 - https:\/\/yoast.com\/product\/yoast-seo-wordpress\/ -->\n<title>Allex Gr\u00fcnbelagsentferner - shop-mohl-fliesen<\/title>\n<meta name=\"robots\" content=\"index, follow, max-snippet:-1, max-image-preview:large, max-video-preview:-1\" \/>\n<link rel=\"canonical\" href=\"https:\/\/shop.mohl-fliesen.de\/index.php\/product\/alles-gruenbelagsentferner\/\" \/>\n<meta property=\"og:locale\" content=\"de_DE\" \/>\n<meta property=\"og:type\" content=\"article\" \/>\n<meta property=\"og:title\" content=\"Allex Gr\u00fcnbelagsentferner - shop-mohl-fliesen\" \/>\n<meta property=\"og:description\" content=\"Der Gr\u00fcnbelagsentferner schlecht hin. Entfernt \u00fcbliche Schmutzbel\u00e4ge und von Pflanzen verursachte Verunreinigungen. F\u00fcr Terrassen, Treppen, Wege, Mauern aus Natur- und Betonstein, Klinker, wie auch f\u00fcr Putz, Holz u.a Biozidprodukte vorsichtig verwenden. Vor Gebrauch stets Etikett und Produkinformation lesen. Produkttyp: mildalkalischer Spezialreiniger Konzentrat &#8211; 1L f\u00fcr bis zu 200m\u00b2 wirkt vorbeugend einfach anzuwenden\" \/>\n<meta property=\"og:url\" content=\"https:\/\/shop.mohl-fliesen.de\/index.php\/product\/alles-gruenbelagsentferner\/\" \/>\n<meta property=\"og:site_name\" content=\"shop-mohl-fliesen\" \/>\n<meta property=\"article:modified_time\" content=\"2024-03-28T07:32:47+00:00\" \/>\n<meta property=\"og:image\" content=\"https:\/\/shop.mohl-fliesen.de\/wp-content\/uploads\/2021\/01\/7824294b-9f69-4e48-abcf-2eaac6ebac93.jpg\" \/>\n\t<meta property=\"og:image:width\" content=\"1890\" \/>\n\t<meta property=\"og:image:height\" content=\"1182\" \/>\n\t<meta property=\"og:image:type\" content=\"image\/jpeg\" \/>\n<meta name=\"twitter:card\" content=\"summary_large_image\" \/>\n<meta name=\"twitter:label1\" content=\"Gesch\u00e4tzte Lesezeit\" \/>\n\t<meta name=\"twitter:data1\" content=\"1\u00a0Minute\" \/>\n<script type=\"application\/ld+json\" class=\"yoast-schema-graph\">{\"@context\":\"https:\\\/\\\/schema.org\",\"@graph\":[{\"@type\":\"WebPage\",\"@id\":\"https:\\\/\\\/shop.mohl-fliesen.de\\\/index.php\\\/product\\\/alles-gruenbelagsentferner\\\/\",\"url\":\"https:\\\/\\\/shop.mohl-fliesen.de\\\/index.php\\\/product\\\/alles-gruenbelagsentferner\\\/\",\"name\":\"Allex Gr\u00fcnbelagsentferner - shop-mohl-fliesen\",\"isPartOf\":{\"@id\":\"https:\\\/\\\/shop.mohl-fliesen.de\\\/#website\"},\"primaryImageOfPage\":{\"@id\":\"https:\\\/\\\/shop.mohl-fliesen.de\\\/index.php\\\/product\\\/alles-gruenbelagsentferner\\\/#primaryimage\"},\"image\":{\"@id\":\"https:\\\/\\\/shop.mohl-fliesen.de\\\/index.php\\\/product\\\/alles-gruenbelagsentferner\\\/#primaryimage\"},\"thumbnailUrl\":\"https:\\\/\\\/i0.wp.com\\\/shop.mohl-fliesen.de\\\/wp-content\\\/uploads\\\/2021\\\/01\\\/7824294b-9f69-4e48-abcf-2eaac6ebac93.jpg?fit=1890%2C1182&ssl=1\",\"datePublished\":\"2020-03-09T22:51:16+00:00\",\"dateModified\":\"2024-03-28T07:32:47+00:00\",\"breadcrumb\":{\"@id\":\"https:\\\/\\\/shop.mohl-fliesen.de\\\/index.php\\\/product\\\/alles-gruenbelagsentferner\\\/#breadcrumb\"},\"inLanguage\":\"de\",\"potentialAction\":[{\"@type\":\"ReadAction\",\"target\":[\"https:\\\/\\\/shop.mohl-fliesen.de\\\/index.php\\\/product\\\/alles-gruenbelagsentferner\\\/\"]}]},{\"@type\":\"ImageObject\",\"inLanguage\":\"de\",\"@id\":\"https:\\\/\\\/shop.mohl-fliesen.de\\\/index.php\\\/product\\\/alles-gruenbelagsentferner\\\/#primaryimage\",\"url\":\"https:\\\/\\\/i0.wp.com\\\/shop.mohl-fliesen.de\\\/wp-content\\\/uploads\\\/2021\\\/01\\\/7824294b-9f69-4e48-abcf-2eaac6ebac93.jpg?fit=1890%2C1182&ssl=1\",\"contentUrl\":\"https:\\\/\\\/i0.wp.com\\\/shop.mohl-fliesen.de\\\/wp-content\\\/uploads\\\/2021\\\/01\\\/7824294b-9f69-4e48-abcf-2eaac6ebac93.jpg?fit=1890%2C1182&ssl=1\",\"width\":1890,\"height\":1182,\"caption\":\"7824294b-9f69-4e48-abcf-2eaac6ebac93\"},{\"@type\":\"BreadcrumbList\",\"@id\":\"https:\\\/\\\/shop.mohl-fliesen.de\\\/index.php\\\/product\\\/alles-gruenbelagsentferner\\\/#breadcrumb\",\"itemListElement\":[{\"@type\":\"ListItem\",\"position\":1,\"name\":\"Home\",\"item\":\"https:\\\/\\\/shop.mohl-fliesen.de\\\/\"},{\"@type\":\"ListItem\",\"position\":2,\"name\":\"Artikel\",\"item\":\"https:\\\/\\\/shop.mohl-fliesen.de\\\/\"},{\"@type\":\"ListItem\",\"position\":3,\"name\":\"Allex Gr\u00fcnbelagsentferner\"}]},{\"@type\":\"WebSite\",\"@id\":\"https:\\\/\\\/shop.mohl-fliesen.de\\\/#website\",\"url\":\"https:\\\/\\\/shop.mohl-fliesen.de\\\/\",\"name\":\"shop.mohl-fliesen\",\"description\":\"alles rund um die Fliese\",\"publisher\":{\"@id\":\"https:\\\/\\\/shop.mohl-fliesen.de\\\/#organization\"},\"potentialAction\":[{\"@type\":\"SearchAction\",\"target\":{\"@type\":\"EntryPoint\",\"urlTemplate\":\"https:\\\/\\\/shop.mohl-fliesen.de\\\/?s={search_term_string}\"},\"query-input\":{\"@type\":\"PropertyValueSpecification\",\"valueRequired\":true,\"valueName\":\"search_term_string\"}}],\"inLanguage\":\"de\"},{\"@type\":\"Organization\",\"@id\":\"https:\\\/\\\/shop.mohl-fliesen.de\\\/#organization\",\"name\":\"Mohl Fliesenlegermeisterbetrieb\",\"url\":\"https:\\\/\\\/shop.mohl-fliesen.de\\\/\",\"logo\":{\"@type\":\"ImageObject\",\"inLanguage\":\"de\",\"@id\":\"https:\\\/\\\/shop.mohl-fliesen.de\\\/#\\\/schema\\\/logo\\\/image\\\/\",\"url\":\"https:\\\/\\\/shop.mohl-fliesen.de\\\/wp-content\\\/uploads\\\/2019\\\/12\\\/FirmenLogo.bmp\",\"contentUrl\":\"https:\\\/\\\/shop.mohl-fliesen.de\\\/wp-content\\\/uploads\\\/2019\\\/12\\\/FirmenLogo.bmp\",\"width\":367,\"height\":262,\"caption\":\"Mohl Fliesenlegermeisterbetrieb\"},\"image\":{\"@id\":\"https:\\\/\\\/shop.mohl-fliesen.de\\\/#\\\/schema\\\/logo\\\/image\\\/\"}}]}<\/script>\n<!-- \/ Yoast SEO plugin. -->","yoast_head_json":{"title":"Allex Gr\u00fcnbelagsentferner - shop-mohl-fliesen","robots":{"index":"index","follow":"follow","max-snippet":"max-snippet:-1","max-image-preview":"max-image-preview:large","max-video-preview":"max-video-preview:-1"},"canonical":"https:\/\/shop.mohl-fliesen.de\/index.php\/product\/alles-gruenbelagsentferner\/","og_locale":"de_DE","og_type":"article","og_title":"Allex Gr\u00fcnbelagsentferner - shop-mohl-fliesen","og_description":"Der Gr\u00fcnbelagsentferner schlecht hin. Entfernt \u00fcbliche Schmutzbel\u00e4ge und von Pflanzen verursachte Verunreinigungen. F\u00fcr Terrassen, Treppen, Wege, Mauern aus Natur- und Betonstein, Klinker, wie auch f\u00fcr Putz, Holz u.a Biozidprodukte vorsichtig verwenden. Vor Gebrauch stets Etikett und Produkinformation lesen. Produkttyp: mildalkalischer Spezialreiniger Konzentrat &#8211; 1L f\u00fcr bis zu 200m\u00b2 wirkt vorbeugend einfach anzuwenden","og_url":"https:\/\/shop.mohl-fliesen.de\/index.php\/product\/alles-gruenbelagsentferner\/","og_site_name":"shop-mohl-fliesen","article_modified_time":"2024-03-28T07:32:47+00:00","og_image":[{"width":1890,"height":1182,"url":"https:\/\/shop.mohl-fliesen.de\/wp-content\/uploads\/2021\/01\/7824294b-9f69-4e48-abcf-2eaac6ebac93.jpg","type":"image\/jpeg"}],"twitter_card":"summary_large_image","twitter_misc":{"Gesch\u00e4tzte Lesezeit":"1\u00a0Minute"},"schema":{"@context":"https:\/\/schema.org","@graph":[{"@type":"WebPage","@id":"https:\/\/shop.mohl-fliesen.de\/index.php\/product\/alles-gruenbelagsentferner\/","url":"https:\/\/shop.mohl-fliesen.de\/index.php\/product\/alles-gruenbelagsentferner\/","name":"Allex Gr\u00fcnbelagsentferner - shop-mohl-fliesen","isPartOf":{"@id":"https:\/\/shop.mohl-fliesen.de\/#website"},"primaryImageOfPage":{"@id":"https:\/\/shop.mohl-fliesen.de\/index.php\/product\/alles-gruenbelagsentferner\/#primaryimage"},"image":{"@id":"https:\/\/shop.mohl-fliesen.de\/index.php\/product\/alles-gruenbelagsentferner\/#primaryimage"},"thumbnailUrl":"https:\/\/i0.wp.com\/shop.mohl-fliesen.de\/wp-content\/uploads\/2021\/01\/7824294b-9f69-4e48-abcf-2eaac6ebac93.jpg?fit=1890%2C1182&ssl=1","datePublished":"2020-03-09T22:51:16+00:00","dateModified":"2024-03-28T07:32:47+00:00","breadcrumb":{"@id":"https:\/\/shop.mohl-fliesen.de\/index.php\/product\/alles-gruenbelagsentferner\/#breadcrumb"},"inLanguage":"de","potentialAction":[{"@type":"ReadAction","target":["https:\/\/shop.mohl-fliesen.de\/index.php\/product\/alles-gruenbelagsentferner\/"]}]},{"@type":"ImageObject","inLanguage":"de","@id":"https:\/\/shop.mohl-fliesen.de\/index.php\/product\/alles-gruenbelagsentferner\/#primaryimage","url":"https:\/\/i0.wp.com\/shop.mohl-fliesen.de\/wp-content\/uploads\/2021\/01\/7824294b-9f69-4e48-abcf-2eaac6ebac93.jpg?fit=1890%2C1182&ssl=1","contentUrl":"https:\/\/i0.wp.com\/shop.mohl-fliesen.de\/wp-content\/uploads\/2021\/01\/7824294b-9f69-4e48-abcf-2eaac6ebac93.jpg?fit=1890%2C1182&ssl=1","width":1890,"height":1182,"caption":"7824294b-9f69-4e48-abcf-2eaac6ebac93"},{"@type":"BreadcrumbList","@id":"https:\/\/shop.mohl-fliesen.de\/index.php\/product\/alles-gruenbelagsentferner\/#breadcrumb","itemListElement":[{"@type":"ListItem","position":1,"name":"Home","item":"https:\/\/shop.mohl-fliesen.de\/"},{"@type":"ListItem","position":2,"name":"Artikel","item":"https:\/\/shop.mohl-fliesen.de\/"},{"@type":"ListItem","position":3,"name":"Allex Gr\u00fcnbelagsentferner"}]},{"@type":"WebSite","@id":"https:\/\/shop.mohl-fliesen.de\/#website","url":"https:\/\/shop.mohl-fliesen.de\/","name":"shop.mohl-fliesen","description":"alles rund um die Fliese","publisher":{"@id":"https:\/\/shop.mohl-fliesen.de\/#organization"},"potentialAction":[{"@type":"SearchAction","target":{"@type":"EntryPoint","urlTemplate":"https:\/\/shop.mohl-fliesen.de\/?s={search_term_string}"},"query-input":{"@type":"PropertyValueSpecification","valueRequired":true,"valueName":"search_term_string"}}],"inLanguage":"de"},{"@type":"Organization","@id":"https:\/\/shop.mohl-fliesen.de\/#organization","name":"Mohl Fliesenlegermeisterbetrieb","url":"https:\/\/shop.mohl-fliesen.de\/","logo":{"@type":"ImageObject","inLanguage":"de","@id":"https:\/\/shop.mohl-fliesen.de\/#\/schema\/logo\/image\/","url":"https:\/\/shop.mohl-fliesen.de\/wp-content\/uploads\/2019\/12\/FirmenLogo.bmp","contentUrl":"https:\/\/shop.mohl-fliesen.de\/wp-content\/uploads\/2019\/12\/FirmenLogo.bmp","width":367,"height":262,"caption":"Mohl Fliesenlegermeisterbetrieb"},"image":{"@id":"https:\/\/shop.mohl-fliesen.de\/#\/schema\/logo\/image\/"}}]}},"jetpack_sharing_enabled":true,"_links":{"self":[{"href":"https:\/\/shop.mohl-fliesen.de\/index.php\/wp-json\/wp\/v2\/product\/2035","targetHints":{"allow":["GET"]}}],"collection":[{"href":"https:\/\/shop.mohl-fliesen.de\/index.php\/wp-json\/wp\/v2\/product"}],"about":[{"href":"https:\/\/shop.mohl-fliesen.de\/index.php\/wp-json\/wp\/v2\/types\/product"}],"replies":[{"embeddable":true,"href":"https:\/\/shop.mohl-fliesen.de\/index.php\/wp-json\/wp\/v2\/comments?post=2035"}],"wp:featuredmedia":[{"embeddable":true,"href":"https:\/\/shop.mohl-fliesen.de\/index.php\/wp-json\/wp\/v2\/media\/2037"}],"wp:attachment":[{"href":"https:\/\/shop.mohl-fliesen.de\/index.php\/wp-json\/wp\/v2\/media?parent=2035"}],"wp:term":[{"taxonomy":"product_brand","embeddable":true,"href":"https:\/\/shop.mohl-fliesen.de\/index.php\/wp-json\/wp\/v2\/product_brand?post=2035"},{"taxonomy":"product_cat","embeddable":true,"href":"https:\/\/shop.mohl-fliesen.de\/index.php\/wp-json\/wp\/v2\/product_cat?post=2035"},{"taxonomy":"product_tag","embeddable":true,"href":"https:\/\/shop.mohl-fliesen.de\/index.php\/wp-json\/wp\/v2\/product_tag?post=2035"}],"curies":[{"name":"wp","href":"https:\/\/api.w.org\/{rel}","templated":true}]}}